858254.
5326
Calculate the greatest common factor of 2768 and 64417242.
346
What is the greatest common divisor of 27 and 1335312?
27
What is the highest common factor of 88 and 181220446?
22
Calculate the greatest common divisor of 3376 and 4717280.
16
What is the greatest common factor of 306 and 10254702?
6
What is the highest common divisor of 1818913 and 26414?
281
What is the greatest common divisor of 11508 and 19765401?
411
Calculate the highest common factor of 442521274 and 3692.
1846
Calculate the highest common divisor of 166323 and 6.
3
Calculate the highest common factor of 380 and 77488308.
76
What is the highest common divisor of 1012972365 and 4999?
4999
Calculate the greatest common divisor of 6 and 6413769.
3
Calculate the highest common factor of 3746268 and 380.
76
What is the greatest common divisor of 1522022 and 6698?
394
Calculate the greatest common divisor of 141134 and 3258934.
238
Calculate the greatest common factor of 15730 and 5990.
10
What is the highest common factor of 3317 and 7308374?
31
Calculate the greatest common factor of 12052116 and 1136328.
5028
What is the highest common factor of 1245715 and 35?
5
Calculate the highest common divisor of 7564 and 352470.
62
What is the highest common divisor of 214863 and 1947?
33
What is the highest common factor of 752 and 66365504?
752
Calculate the greatest common factor of 4864 and 34808.
152
Calculate the highest common divisor of 152692 and 173396.
2588
What is the highest common factor of 4158 and 894546?
18
What is the highest common factor of 306495 and 10731?
147
What is the greatest common divisor of 20758 and 8873754?
194
Calculate the greatest common factor of 60270 and 24999135.
4305
What is the greatest common factor of 2608407 and 351?
9
Calculate the greatest common factor of 796040320 and 4960.
4960
What is the highest common divisor of 6265 and 30506?
7
What is the highest common divisor of 102132126 and 13896?
3474
What is the greatest common divisor of 17064 and 19984788?
2844
What is the highest common factor of 87 and 6467154?
3
What is the greatest common divisor of 3705 and 991173?
57
Calculate the greatest common divisor of 33 and 241111123.
11
Calculate the greatest common factor of 10653332 and 51640.
5164
Calculate the greatest common factor of 374 and 32237678.
374
What is the highest common divisor of 1447 and 106379099?
1447
What is the greatest common factor of 2398365 and 77436?
2151
What is the highest common divisor of 2513 and 215054?
7
What is the highest common factor of 91233324 and 5824?
364
What is the greatest common divisor of 168486150 and 238?
238
Calculate the highest common divisor of 226946 and 23638.
106
Calculate the highest common factor of 144292278 and 26.
26
What is the greatest common factor of 2 and 405603346?
2
What is the highest common factor of 3592 and 50936?
8
What is the greatest common divisor of 9893292 and 1044?
348
Calculate the greatest common divisor of 4043368 and 812.
28
What is the highest common factor of 25 and 22405955?
5
What is the greatest common factor of 13183880 and 12?
4
What is the highest common divisor of 163378464 and 480?
96
Calculate the highest common divisor of 7375284 and 148.
148
What is the highest common divisor of 1538563 and 65?
13
Calculate the greatest common factor of 77 and 37939517.
77
What is the greatest common factor of 1065415 and 28535?
65
Calculate the highest common divisor of 8 and 14028296.
8
Calculate the greatest common divisor of 7533488 and 10048.
2512
Calculate the greatest common factor of 38575907 and 187.
17
What is the greatest common factor of 18840 and 1498408?
1256
Calculate the greatest common divisor of 14303432 and 2288.
1144
What is the highest common factor of 21141395 and 95?
95
What is the highest common factor of 64623 and 425849?
1657
Calculate the highest common divisor of 1158073 and 10787.
161
Calculate the greatest common divisor of 699610 and 10535.
215
Calculate the greatest common divisor of 1410 and 13190610.
30
Calculate the greatest common factor of 125601 and 18.
3
What is the greatest common divisor of 445892552 and 98?
98
What is the greatest common factor of 59219029 and 38?
19
What is the highest common factor of 212581277 and 1967?
281
Calculate the greatest common factor of 424 and 1563553.
53
Calculate the highest common factor of 15141 and 5500509.
2163
Calculate the greatest common factor of 81414248 and 3644.
3644
What is the greatest common factor of 298669 and 679?
7
Calculate the greatest common factor of 515700 and 4203.
9
What is the greatest common factor of 721 and 17323055?
103
Calculate the highest common factor of 504 and 370846.
14
What is the greatest common factor of 641818 and 30659?
43
What is the highest common factor of 22607006 and 670?
134
What is the greatest common factor of 48 and 12145392?
48
What is the greatest common divisor of 2428448 and 16544?
352
What is the highest common factor of 2712697 and 3991?
13
Calculate the highest common divisor of 1786832 and 631328.
2896
Calculate the highest common divisor of 174140 and 400.
20
What is the greatest common factor of 22900512 and 96?
96
What is the highest common divisor of 2593 and 8?
1
Calculate the greatest common divisor of 117 and 41998281.
39
What is the greatest common divisor of 3158310 and 10?
10
Calculate the greatest common divisor of 103731 and 4331.
71
What is the greatest common divisor of 148072230 and 44163?
6309
Calculate the highest common divisor of 18836 and 1125196.
68
Calculate the highest common factor of 68136 and 1363332.
204
Calculate the highest common divisor of 5812354 and 290.
58
What is the highest common factor of 1030642481 and 1111?
1111
Calculate the highest common divisor of 41276 and 91800.
68
Calculate the greatest common divisor of 91 and 3471966316.
91
What is the highest common factor of 27 and 77511735?
27
Calculate the highest common divisor of 574 and 44165282.
574
What is the highest common divisor of 497 and 1688238?
71
What is the greatest common factor of 25974 and 303918?
222
Calculate the highest common divisor of 2644 and 649456.
4
Calculate the greatest common divisor of 1072897263 and 9.
9
Calculate the greatest common divisor of 408144 and 208.
16
Calculate the greatest common factor of 9521204 and 770.
154
What is the greatest common divisor of 68256248 and 16?
8
Calculate the highest common factor of 1441188697 and 13.
13
What is the highest common divisor of 34293 and 89209512?
1491
Calculate the greatest common factor of 208 and 6757232.
16
What is the highest common factor of 11875 and 1016196?
19
Calculate the highest common divisor of 169500531 and 3282.
1641
Calculate the highest common divisor of 77890440 and 840.
120
Calculate the highest common factor of 21187145 and 770.
35
Calculate the greatest common factor of 40 and 3064048.
8
What is the highest common factor of 3054 and 1950488?
1018
What is the greatest common factor of 6482 and 206500?
14
What is the greatest common divisor of 1315479414 and 102?
102
What is the highest common divisor of 5770671 and 2403?
267
Calculate the highest common factor of 4376 and 7792.
8
Calculate the highest common factor of 1582101 and 1495.
23
What is the highest common factor of 644 and 330808954?
322
Calculate the highest common divisor of 9234054 and 1998.
54
What is the greatest common divisor of 22805145 and 1620?
405
What is the greatest common divisor of 2340 and 13163670?
1170
Calculate the highest common divisor of 3928415 and 2460.
205
What is the greatest common factor of 24 and 816206?
2
What is the highest common divisor of 180170 and 1548?
86
Calculate the greatest common divisor of 4968880 and 82460.
2660
Calculate the greatest common divisor of 652 and 199111998.
326
Calculate the greatest common divisor of 8918580 and 40.
20
What is the highest common divisor of 456 and 373344015?
57
What is the highest common divisor of 1565 and 2251409?
313
Calculate the greatest common factor of 575 and 7466375.
575
What is the greatest common factor of 2348658 and 39?
39
What is the greatest common divisor of 5713609 and 2871?
319
Calculate the greatest common factor of 22906 and 7005712.
1762
Calculate the greatest common facto